{"id":32,"date":"2017-03-14T19:45:51","date_gmt":"2017-03-14T18:45:51","guid":{"rendered":"http:\/\/liebevoll-sgw.de\/?page_id=32"},"modified":"2023-06-25T10:16:05","modified_gmt":"2023-06-25T09:16:05","slug":"ueber-mich-meine-idee","status":"publish","type":"page","link":"https:\/\/liebevoll-sgw.de\/?page_id=32","title":{"rendered":"\u00dcber liebevoll"},"content":{"rendered":"<p>Ich liebe es unser Zuhause zu gestalten und mit sorgf\u00e4ltig ausgesuchten Wohnaccessoires und selbstgestalteten Highlights eine pers\u00f6nliche Wohlf\u00fchloase zu schaffen. Anf\u00e4nglich f\u00fcr mich und meine Familie.<\/p>\n<p>Lieben Menschen eine Freude bereiten und sie zu beraten \u2013 zwei weitere Leidenschaften von mir \u2013 brachten mich auf die Idee, s\u00e4mtliche Interessen zu kombinieren. So ist im Jahr 2017 \u201eliebevoll\u201c entstanden.<\/p>\n<p><strong>Die besondere Einkaufsm\u00f6glichkeit in pers\u00f6nlicher Atmosph\u00e4re und noch vieles mehr.<\/strong><\/p>\n<p>Es geht darum, sich individuell beraten zu lassen und das \u201cRichtige\u201c in einer pers\u00f6nlichen &amp; gem\u00fctlichen Umgebung zu finden. Nicht zuletzt durch die M\u00f6glichkeit, die Produkte \u201eanfassen\u201c zu k\u00f6nnen.<\/p>\n<p>\u201eliebevoll\u201c hilft euch euer Zuhause nach eurem pers\u00f6nlichen Geschmack zu gestalten und mit praktischen, hochwertigen &amp; wundersch\u00f6nen Dingen das Leben zu bereichern. Es geht um Dinge, die zu euch und euren Lieben passen, als m\u00f6gliches Geschenk zeigt es, dass man sich Gedanken gemacht hat. Eben \u201eliebevolle\u201c Dinge des Lebens.<\/p>\n<p>Besonders wichtig ist mir die Qualit\u00e4t, die Langlebigkeit und die Art wie und wo produziert wird. Ich w\u00e4hle nur Produkte aus, hinter denen ich auch stehen kann. Mit Vorliebe zu kleinen in Deutschland produzierenden Manufakturen.<\/p>\n<p>Nachhaltig zu leben hat f\u00fcr mich einen wichtigen Fokus. Daher findet ihr im liebevoll-Sortiment viele praktische &amp; nachhaltige Produkte.<\/p>\n<p>Ich freue mich sehr, meine Leidenschaft &amp; \u00dcberzeugung mit euch zu teilen.<br \/>\nAlles Liebe, eure Maren<\/p>\n<p><strong>nat\u00fcrlich. individuell. nachhaltig.<\/strong><\/p>\n","protected":false},"excerpt":{"rendered":"<p>Ich liebe es unser Zuhause zu gestalten und mit sorgf\u00e4ltig ausgesuchten Wohnaccessoires und selbstgestalteten Highlights eine pers\u00f6nliche Wohlf\u00fchloase zu schaffen. [&hellip;]<\/p>\n","protected":false},"author":1,"featured_media":0,"parent":0,"menu_order":0,"comment_status":"closed","ping_status":"closed","template":"","meta":[],"_links":{"self":[{"href":"https:\/\/liebevoll-sgw.de\/index.php?rest_route=\/wp\/v2\/pages\/32"}],"collection":[{"href":"https:\/\/liebevoll-sgw.de\/index.php?rest_route=\/wp\/v2\/pages"}],"about":[{"href":"https:\/\/liebevoll-sgw.de\/index.php?rest_route=\/wp\/v2\/types\/page"}],"author":[{"embeddable":true,"href":"https:\/\/liebevoll-sgw.de\/index.php?rest_route=\/wp\/v2\/users\/1"}],"replies":[{"embeddable":true,"href":"https:\/\/liebevoll-sgw.de\/index.php?rest_route=%2Fwp%2Fv2%2Fcomments&post=32"}],"version-history":[{"count":39,"href":"https:\/\/liebevoll-sgw.de\/index.php?rest_route=\/wp\/v2\/pages\/32\/revisions"}],"predecessor-version":[{"id":1913,"href":"https:\/\/liebevoll-sgw.de\/index.php?rest_route=\/wp\/v2\/pages\/32\/revisions\/1913"}],"wp:attachment":[{"href":"https:\/\/liebevoll-sgw.de\/index.php?rest_route=%2Fwp%2Fv2%2Fmedia&parent=32"}],"curies":[{"name":"wp","href":"https:\/\/api.w.org\/{rel}","templated":true}]}}

Über liebevoll

<p>Ich liebe es unser Zuhause zu gestalten und mit sorgfältig ausgesuchten Wohnaccessoires und selbstgestalteten Highlights eine persönliche Wohlfühloase zu schaffen. Anfänglich für mich und meine Familie.</p>
<p>Lieben Menschen eine Freude bereiten und sie zu beraten – zwei weitere Leidenschaften von mir – brachten mich auf die Idee, sämtliche Interessen zu kombinieren. So ist im Jahr 2017 „liebevoll“ entstanden.</p>
<p><strong>Die besondere Einkaufsmöglichkeit in persönlicher Atmosphäre und noch vieles mehr.</strong></p>
<p>Es geht darum, sich individuell beraten zu lassen und das “Richtige“ in einer persönlichen &amp; gemütlichen Umgebung zu finden. Nicht zuletzt durch die Möglichkeit, die Produkte „anfassen“ zu können.</p>
<p>„liebevoll“ hilft euch euer Zuhause nach eurem persönlichen Geschmack zu gestalten und mit praktischen, hochwertigen &amp; wunderschönen Dingen das Leben zu bereichern. Es geht um Dinge, die zu euch und euren Lieben passen, als mögliches Geschenk zeigt es, dass man sich Gedanken gemacht hat. Eben „liebevolle“ Dinge des Lebens.</p>
<p>Besonders wichtig ist mir die Qualität, die Langlebigkeit und die Art wie und wo produziert wird. Ich wähle nur Produkte aus, hinter denen ich auch stehen kann. Mit Vorliebe zu kleinen in Deutschland produzierenden Manufakturen.</p>
<p>Nachhaltig zu leben hat für mich einen wichtigen Fokus. Daher findet ihr im liebevoll-Sortiment viele praktische &amp; nachhaltige Produkte.</p>
<p>Ich freue mich sehr, meine Leidenschaft &amp; Überzeugung mit euch zu teilen.<br />
Alles Liebe, eure Maren</p>
<p><strong>natürlich. individuell. nachhaltig.</strong></p>

<p>Ich liebe es unser Zuhause zu gestalten und mit sorgfältig ausgesuchten Wohnaccessoires und selbstgestalteten Highlights eine persönliche Wohlfühloase zu schaffen. [&hellip;]</p>
