{"id":44,"date":"2017-03-14T20:04:54","date_gmt":"2017-03-14T19:04:54","guid":{"rendered":"http:\/\/liebevoll-sgw.de\/?page_id=44"},"modified":"2025-06-27T21:34:58","modified_gmt":"2025-06-27T20:34:58","slug":"das-findest-du-bei-mir","status":"publish","type":"page","link":"https:\/\/liebevoll-sgw.de\/?page_id=44","title":{"rendered":"Das findet Ihr bei uns"},"content":{"rendered":"\n<div class=\"wp-block-group\"><div class=\"wp-block-group__inner-container\">\n<p>In unserem kleinen, liebevollen Laden wartet liebevoll Ausgesuchtes zum &#8222;Schenken, Gestalten, Wohnen &#038; nachhaltig Leben&#8220; auf euch. <strong>nat\u00fcrlich.individuell.nachhaltig.<\/strong><\/p>\n<strong>Sch\u00f6nes &#038; Praktisches<\/strong>\n<li>Wohnaccessoires wie Kissen, Decken, L\u00e4ufer, K\u00f6rbe bis hin zu wundersch\u00f6nen Handt\u00fcchern<\/li>\n<li>Sch\u00f6nes aus hochwertigem Wollfilz &#038; Naturleinen<\/li>\n<li>Ungew\u00f6hnliches aus Keramik, Steingut &#038; Beton<\/li>\n<li>Originelles aus Draht, Holz &#038; Papier<\/li>\n<li>Geschmackvolle Papierwaren &#038; hochwertige Kunstdrucke<\/li>\n<li>Wunderbares Baumwoll &#8211; &#038; Leinengarn<\/li>\n<li>Feine Auswahl an stilvollem Beton-, Silber- &#038; Goldschmuck<\/li>\n<li>Steingut Geschirr handgemacht in Portugal<\/li>\n<li>\u00dcbert\u00f6pfe &#038; Utensilios aus recyceltem Papier<\/li>\n<li>Handgefertigte Uhren aus Holz<\/li>\n<li>Liebevoll selbstgestaltete Wohnaccessoires &#038; vieles mehr\n<br \/>\n<p> <\/p>\n<strong>Nachhaltiges &#038; Genuss<\/strong><\/li>\n<li>Biozertifizierte handgesiedete Naturseifen zum H\u00e4ndewaschen &#038; Duschen<\/li>\n<li>Kaffee &#038; Lupinenkaffee von einer kleinen R\u00f6sterei \n<li>Bio-Kakao aus 100% Bohne zum Trinken, Backen &#038; f\u00fcr Kakaozeremonien<\/li>\n<li>Alkoholfreie Bio-Seccos<\/li>\n<li>Hochwertige &#038; besondere Salzprodukte zum Kochen &#038; Genie\u00dfen<\/li>\n<li>Pflanzliche Duftkerzen mit \u00e4therischen \u00d6len\n<li>Reinigungspads zum Wiederverwenden aus Baumwolle \n<li>Praktische Trinkflaschen aus Glas\n<li>Biozertifizierte Bienenwachst\u00fccher zum Einpacken &#038; Frischhalten\n<li>Schwammt\u00fccher aus reinen Naturmaterialien\n<li>Leinenbeutel zur Aufbewahrung &#038; zum Einfrieren von Brot &#038; Br\u00f6tchen\n<li>Kaffeefilter aus Leinen\n<li>Fussmatten aus Kokos\n<li>Blumensamen\n<li>Massive K\u00fcchenholzbretter &#038; Kochuntensilien aus deutschen W\u00e4ldern\n<li>Nat\u00fcrliche Hautpflege: Feste Hand-, Fuss-, K\u00f6rper- &#038; Deocreme, Lippenpflege, Gesichts\u00f6l<p>\n\n<p>Es ist uns sehr wichtig, mit m\u00f6glichst vielen in Deutschland und Europa produzierenden Herstellern zusammen zu arbeiten, hochwertige Waren auszuw\u00e4hlen und auch soziale Aspekte \u2013 wie Fertigung in Behindertenwerkst\u00e4tten \u2013 zu ber\u00fccksichtigen.<\/p>\n<p>Ihr findet bei uns Produkte von kleinen Manufakturen, besonderen Labels und Herstellern \u2013 vorwiegend aus Deutschland \u2013 sowie selbst hergestellte oder gestaltete Wohnaccessoires.<\/p>\n<p><strong>Schaut gerne bei uns im Laden &#038; auf dem Markt vorbei oder ruft einfach an, bzw. schreibt uns und wir vereinbaren ein individuelles Treffen \u2013 wir freuen uns auf euch!<\/p><\/strong>\n<\/div><\/div>\n\n\n\n<p><\/p>\n","protected":false},"excerpt":{"rendered":"<p>In unserem kleinen, liebevollen Laden wartet liebevoll Ausgesuchtes zum &#8222;Schenken, Gestalten, Wohnen &#038; nachhaltig Leben&#8220; auf euch. nat\u00fcrlich.individuell.nachhaltig. Sch\u00f6nes &#038; [&hellip;]<\/p>\n","protected":false},"author":1,"featured_media":0,"parent":0,"menu_order":0,"comment_status":"closed","ping_status":"closed","template":"","meta":[],"_links":{"self":[{"href":"https:\/\/liebevoll-sgw.de\/index.php?rest_route=\/wp\/v2\/pages\/44"}],"collection":[{"href":"https:\/\/liebevoll-sgw.de\/index.php?rest_route=\/wp\/v2\/pages"}],"about":[{"href":"https:\/\/liebevoll-sgw.de\/index.php?rest_route=\/wp\/v2\/types\/page"}],"author":[{"embeddable":true,"href":"https:\/\/liebevoll-sgw.de\/index.php?rest_route=\/wp\/v2\/users\/1"}],"replies":[{"embeddable":true,"href":"https:\/\/liebevoll-sgw.de\/index.php?rest_route=%2Fwp%2Fv2%2Fcomments&post=44"}],"version-history":[{"count":124,"href":"https:\/\/liebevoll-sgw.de\/index.php?rest_route=\/wp\/v2\/pages\/44\/revisions"}],"predecessor-version":[{"id":2220,"href":"https:\/\/liebevoll-sgw.de\/index.php?rest_route=\/wp\/v2\/pages\/44\/revisions\/2220"}],"wp:attachment":[{"href":"https:\/\/liebevoll-sgw.de\/index.php?rest_route=%2Fwp%2Fv2%2Fmedia&parent=44"}],"curies":[{"name":"wp","href":"https:\/\/api.w.org\/{rel}","templated":true}]}}